{"id":10,"date":"2018-09-26T08:48:22","date_gmt":"2018-09-26T08:48:22","guid":{"rendered":"https:\/\/lesdelicesdemaya.com.br\/?page_id=10"},"modified":"2023-10-02T23:05:30","modified_gmt":"2023-10-03T02:05:30","slug":"about-us","status":"publish","type":"page","link":"https:\/\/www.designinart.ca\/lesdelices\/about-us\/","title":{"rendered":"About Us"},"content":{"rendered":"\n\n\t<h1>\n\t\t\t\t\tSobre\n\t\t\t\t<\/h1>\n\t\t\t<p><img loading=\"lazy\" decoding=\"async\" src=\"https:\/\/www.designinart.ca\/lesdelices\/wp-content\/uploads\/2020\/07\/frill-free-img-4.png\" alt=\"\" width=\"250\" height=\"27\" \/><\/p>\n\t\t\t\t<img loading=\"lazy\" decoding=\"async\" src=\"https:\/\/www.designinart.ca\/lesdelices\/wp-content\/uploads\/2018\/09\/leaf-free-img.png\" alt=\"leaf-free-img\" itemprop=\"image\" height=\"68\" width=\"108\" title=\"leaf-free-img\" onerror=\"this.style.display='none'\"  \/>\n\t<h3>\n\t\t\t\t\tMaya Midori chefe de cozinha por mais de 20 anos fazendo doces e salgados.\n\t\t\t\t<\/h3>\n\t\t\t<p><strong>Maya Midori<\/strong>, nascida em S\u00e3o Paulo. Quando pequena mexia as panelas de sua m\u00e3e, ajudava a descascar e a picar os alimentos em sua casa. Na sua adolesc\u00eancia, fazia bolos e biscoitos por encomendas para amigos. Mesmo cursando a faculdade de educa\u00e7\u00e3o f\u00edsica, nunca deixou de fazer suas encomendas.<\/p>\n<p>\u00a0<\/p>\n<p>Em 2007 abriu o bistr\u00f4 <strong>Les delices de Maya<\/strong> na vila madalena e por La ficou por 12 anos. Em 2019 mudou-se para uma cozinha na vila romana onde cozinha todo tipo de comida sob encomenda com muito amor e carinho para seus clientes<\/p>\n\t<h3>\n\t\t\t\t\tEncomendas e entregas \n\t\t\t\t<\/h3>\n\t<ul>\n\t\t<li>\t\t\t\t\n\t\t<h4>Feito na hora<\/h4><\/li>\t<\/ul>\n\t<ul>\n\t\t<li>\t\t\t\t\n\t\t<h4>Feito com amor<\/h4><\/li>\t<\/ul>\n\t<ul>\n\t\t<li>\t\t\t\t\n\t\t<h4><a href=\"tel:1198198.1111\">Encomendas<\/a><\/h4><\/li>\t<\/ul>\n\t<ul>\n\t\t<li>\t\t\t\t\n\t\t<h4>Estacionamento<\/h4><\/li>\t<\/ul>\n\t\t\t\t<img loading=\"lazy\" decoding=\"async\" src=\"https:\/\/www.designinart.ca\/lesdelices\/wp-content\/uploads\/2020\/08\/testemuno_1.png\" alt=\"Testemunho de clientes\" itemprop=\"image\" height=\"120\" width=\"120\" title=\"Testemunho de clientes\" onerror=\"this.style.display='none'\"  \/>\n\t<h5>\n\t\t\t\t\tA Maya faz m\u00e1gica quando cozinha. Acredito que toda grande chef tem esta arte de escolha dos ingredientes e momento certo que eles entram para preparar um prato, mas a Maya vai al\u00e9m, de verdade. Ela tem uma simplicidade na escolha e uma sofistica\u00e7\u00e3o de sabores resulta em magia e quem tem a sorte de saborear, ah&#8230;fica feliz demais! Deve ser este o segredo, alegria de cozinhar e deixar pessoas felizes.\n\t\t\t\t<\/h5>\n\t\t\t<p>&#8211; Juliana Cardoso<\/p>\n\t<h2>\n\t\t\t\t\tChef Maya Midori\n\t\t\t\t<\/h2>\n\t\t\t\t<img loading=\"lazy\" decoding=\"async\" src=\"https:\/\/www.designinart.ca\/lesdelices\/wp-content\/uploads\/2020\/07\/frill-free-img-4.png\" alt=\"frill-free-img\" itemprop=\"image\" height=\"27\" width=\"250\" title=\"frill-free-img\" onerror=\"this.style.display='none'\"  \/>\n\t<h4>\n\t\t\t\t\tMaya Midori\n\t\t\t\t<\/h4>\n\t<h6>\n\t\t\t\t\tChef de Cozinha\n\t\t\t\t<\/h6>\n\t<h4>\n\t\t\t\t\tBolo de Ovomaltine\n\t\t\t\t<\/h4>\n\t<h6>\n\t\t\t\t\tChocolate com recheio de ovomaltine\n\t\t\t\t<\/h6>\n\t<h4>\n\t\t\t\t\tCreme de Tiramissu\n\t\t\t\t<\/h4>\n\t<h6>\n\t\t\t\t\tEspecial da casa !!!\n\t\t\t\t<\/h6>\n\t<h4>\n\t\t\t\t\tFa\u00e7a sua encomenda aqui!\n\t\t\t\t<\/h4>\n\t\t\t<a href=\"https:\/\/www.designinart.ca\/lesdelices\/contato\/\" target=\"_self\" role=\"button\" rel=\"noopener\">\n\t\t\t\t\t\tPedidos\n\t\t<\/a>\n\t<h5>\n\t\t\t\t\tRecomendado por\n\t\t\t\t<\/h5>\n\t\t\t\t<a href=\"https:\/\/www.tripadvisor.com.br\/Restaurant_Review-g303631-d5567481-Reviews-Les_Delices_de_Maya-Sao_Paulo_State_of_Sao_Paulo.html\" target=\"_blank\" rel=\"noopener\" itemprop=\"url\">\n\t\t\t\t<img loading=\"lazy\" decoding=\"async\" src=\"https:\/\/www.designinart.ca\/lesdelices\/wp-content\/uploads\/2018\/10\/tripadvisorlogo1-free-img-1.png\" alt=\"tripadvisorlogo1-free-img.png\" itemprop=\"image\" height=\"57\" width=\"140\" title=\"tripadvisorlogo1-free-img.png\" onerror=\"this.style.display='none'\"  \/>\n\t\t\t\t<\/a>\n\t\t\t\t<a href=\"https:\/\/www.yelp.com\/biz\/les-delices-de-maya-s%C3%A3o-paulo\" target=\"_blank\" rel=\"noopener\" itemprop=\"url\">\n\t\t\t\t<img loading=\"lazy\" decoding=\"async\" src=\"https:\/\/www.designinart.ca\/lesdelices\/wp-content\/uploads\/2018\/10\/yelp-free-img-1.png\" alt=\"yelp-free-img.png\" itemprop=\"image\" height=\"57\" width=\"140\" title=\"yelp-free-img.png\" onerror=\"this.style.display='none'\"  \/>\n\t\t\t\t<\/a>\n\t\t\t\t<a href=\"https:\/\/www.ifood.com.br\/\" target=\"_blank\" rel=\"noopener\" itemprop=\"url\">\n\t\t\t\t<img loading=\"lazy\" decoding=\"async\" src=\"https:\/\/www.designinart.ca\/lesdelices\/wp-content\/uploads\/2020\/07\/ifood-logo-300x161.png\" alt=\"ifood logotipo\" itemprop=\"image\" height=\"161\" width=\"300\" title=\"ifood-logo\" onerror=\"this.style.display='none'\"  \/>\n\t\t\t\t<\/a>\n\t<h3>\n\t\t\t\t\tMat\u00e9rias publicadas sobre Les Delices de Maya\n\t\t\t\t<\/h3>\n\t<p><a href=\"https:\/\/vejasp.abril.com.br\/estabelecimento\/les-delices-de-maya\/\" target=\"_blank\" rel=\"noopener\"><img loading=\"lazy\" decoding=\"async\" src=\"https:\/\/www.designinart.ca\/lesdelices\/wp-content\/uploads\/2020\/08\/adv_veja.jpg\" alt=\"\" width=\"188\" height=\"53\" \/><\/a><\/p>\n\t<p><a href=\"https:\/\/gastrolandia.com.br\/comidinhas\/les-delices-de-maya-muito-muito-mais-que-uma-doceria\/\" target=\"_blank\" rel=\"noopener\"><img loading=\"lazy\" decoding=\"async\" src=\"https:\/\/www.designinart.ca\/lesdelices\/wp-content\/uploads\/2020\/08\/adv_vaisefood.jpg\" alt=\"\" width=\"211\" height=\"70\" \/><\/a><\/p>\n\t<p><a href=\"https:\/\/pt.foursquare.com\/v\/les-delices-de-maya\/4b508679f964a520152627e3?tipsPage=2\" target=\"_blank\" rel=\"noopener\"><img loading=\"lazy\" decoding=\"async\" src=\"https:\/\/www.designinart.ca\/lesdelices\/wp-content\/uploads\/2020\/08\/adv_foursquare.jpg\" alt=\"\" width=\"154\" height=\"41\" \/><\/a><\/p>\n\t<p><a href=\"https:\/\/aventurasgastronomicas.com.br\/restaurante\/les-delices-de-maya\" target=\"_blank\" rel=\"noopener\"><img loading=\"lazy\" decoding=\"async\" src=\"https:\/\/www.designinart.ca\/lesdelices\/wp-content\/uploads\/2020\/08\/adv_aventuragastro-300x112.jpg\" alt=\"\" width=\"300\" height=\"112\" \/><\/a><\/p>\n\t<p><a href=\"https:\/\/boasdegarfo.com.br\/restaurantes\/2015\/07\/les-delices-de-maya\/\" target=\"_blank\" rel=\"noopener\"><img loading=\"lazy\" decoding=\"async\" src=\"https:\/\/www.designinart.ca\/lesdelices\/wp-content\/uploads\/2020\/08\/adv_boasdegarfo.jpg\" alt=\"\" width=\"122\" height=\"108\" \/><\/a><\/p>\n\n","protected":false},"excerpt":{"rendered":"<p>Sobre Maya Midori chefe de cozinha por mais de 20 anos fazendo doces e salgados. Maya Midori, nascida em S\u00e3o Paulo. Quando pequena mexia as panelas de sua m\u00e3e, ajudava a descascar e a picar os alimentos em sua casa. Na sua adolesc\u00eancia, fazia bolos e biscoitos por encomendas para amigos. Mesmo cursando a faculdade [&hellip;]<\/p>\n","protected":false},"author":1,"featured_media":0,"parent":0,"menu_order":0,"comment_status":"closed","ping_status":"closed","template":"","meta":{"nf_dc_page":"","_monsterinsights_skip_tracking":false,"_monsterinsights_sitenote_active":false,"_monsterinsights_sitenote_note":"","_monsterinsights_sitenote_category":0,"site-sidebar-layout":"no-sidebar","site-content-layout":"page-builder","ast-site-content-layout":"default","site-content-style":"default","site-sidebar-style":"default","ast-global-header-display":"","ast-banner-title-visibility":"","ast-main-header-display":"","ast-hfb-above-header-display":"","ast-hfb-below-header-display":"","ast-hfb-mobile-header-display":"","site-post-title":"disabled","ast-breadcrumbs-content":"","ast-featured-img":"disabled","footer-sml-layout":"","ast-disable-related-posts":"","theme-transparent-header-meta":"","adv-header-id-meta":"","stick-header-meta":"","header-above-stick-meta":"","header-main-stick-meta":"","header-below-stick-meta":"","astra-migrate-meta-layouts":"default","ast-page-background-enabled":"default","ast-page-background-meta":{"desktop":{"background-color":"var(--ast-global-color-4)","background-image":"","background-repeat":"repeat","background-position":"center center","background-size":"auto","background-attachment":"scroll","background-type":"","background-media":"","overlay-type":"","overlay-color":"","overlay-opacity":"","overlay-gradient":""},"tablet":{"background-color":"","background-image":"","background-repeat":"repeat","background-position":"center center","background-size":"auto","background-attachment":"scroll","background-type":"","background-media":"","overlay-type":"","overlay-color":"","overlay-opacity":"","overlay-gradient":""},"mobile":{"background-color":"","background-image":"","background-repeat":"repeat","background-position":"center center","background-size":"auto","background-attachment":"scroll","background-type":"","background-media":"","overlay-type":"","overlay-color":"","overlay-opacity":"","overlay-gradient":""}},"ast-content-background-meta":{"desktop":{"background-color":"var(--ast-global-color-5)","background-image":"","background-repeat":"repeat","background-position":"center center","background-size":"auto","background-attachment":"scroll","background-type":"","background-media":"","overlay-type":"","overlay-color":"","overlay-opacity":"","overlay-gradient":""},"tablet":{"background-color":"var(--ast-global-color-5)","background-image":"","background-repeat":"repeat","background-position":"center center","background-size":"auto","background-attachment":"scroll","background-type":"","background-media":"","overlay-type":"","overlay-color":"","overlay-opacity":"","overlay-gradient":""},"mobile":{"background-color":"var(--ast-global-color-5)","background-image":"","background-repeat":"repeat","background-position":"center center","background-size":"auto","background-attachment":"scroll","background-type":"","background-media":"","overlay-type":"","overlay-color":"","overlay-opacity":"","overlay-gradient":""}},"footnotes":""},"class_list":["post-10","page","type-page","status-publish","hentry"],"_links":{"self":[{"href":"https:\/\/www.designinart.ca\/lesdelices\/wp-json\/wp\/v2\/pages\/10","targetHints":{"allow":["GET"]}}],"collection":[{"href":"https:\/\/www.designinart.ca\/lesdelices\/wp-json\/wp\/v2\/pages"}],"about":[{"href":"https:\/\/www.designinart.ca\/lesdelices\/wp-json\/wp\/v2\/types\/page"}],"author":[{"embeddable":true,"href":"https:\/\/www.designinart.ca\/lesdelices\/wp-json\/wp\/v2\/users\/1"}],"replies":[{"embeddable":true,"href":"https:\/\/www.designinart.ca\/lesdelices\/wp-json\/wp\/v2\/comments?post=10"}],"version-history":[{"count":5,"href":"https:\/\/www.designinart.ca\/lesdelices\/wp-json\/wp\/v2\/pages\/10\/revisions"}],"predecessor-version":[{"id":1261,"href":"https:\/\/www.designinart.ca\/lesdelices\/wp-json\/wp\/v2\/pages\/10\/revisions\/1261"}],"wp:attachment":[{"href":"https:\/\/www.designinart.ca\/lesdelices\/wp-json\/wp\/v2\/media?parent=10"}],"curies":[{"name":"wp","href":"https:\/\/api.w.org\/{rel}","templated":true}]}}