{"id":610,"date":"2020-07-14T19:22:58","date_gmt":"2020-07-14T22:22:58","guid":{"rendered":"https:\/\/lesdelicesdemaya.com.br\/?page_id=610"},"modified":"2023-10-02T23:08:51","modified_gmt":"2023-10-03T02:08:51","slug":"depoimentos","status":"publish","type":"page","link":"https:\/\/www.designinart.ca\/lesdelices\/depoimentos\/","title":{"rendered":"Depoimentos"},"content":{"rendered":"\n\n\t<h1>\n\t\t\t\t\tDepoimentos\n\t\t\t\t<\/h1>\n\t\t\t<p><img loading=\"lazy\" decoding=\"async\" src=\"https:\/\/www.designinart.ca\/lesdelices\/wp-content\/uploads\/2020\/07\/frill-free-img-4.png\" alt=\"\" width=\"250\" height=\"27\" \/><\/p>\n\t\t\t\t<img decoding=\"async\" src=\"https:\/\/www.designinart.ca\/lesdelices\/wp-content\/uploads\/2018\/09\/leaf-free-img.png\" alt=\"leaf-free-img\" itemprop=\"image\"\/>\n\t<h2>\n\t\t\t\t\tClientes satisfeitos&#8230;\n\t\t\t\t<\/h2>\n\t\t\t\t<img loading=\"lazy\" decoding=\"async\" src=\"https:\/\/www.designinart.ca\/lesdelices\/wp-content\/uploads\/2020\/09\/testemuno_6.png\" alt=\"Depoimento\" itemprop=\"image\" height=\"121\" width=\"121\" title=\"Depoimento\" onerror=\"this.style.display='none'\"  \/>\n\t\t\t\t<img loading=\"lazy\" decoding=\"async\" src=\"https:\/\/www.designinart.ca\/lesdelices\/wp-content\/uploads\/2020\/09\/bolo_pistache3.jpg\" alt=\"Bolo de Pistache Les Delices de Maya\" itemprop=\"image\" height=\"1064\" width=\"787\" title=\"Bolo de Pistache Les Delices de Maya\" onerror=\"this.style.display='none'\"  \/>\n\t<h5>\n\t\t\t\t\tSimplesmente dos Deuses. Melhor bolo de pistache do mundo!!! Nenhum se compara aos bolos e doces da Maya.  Chef e confeiteira de m\u00e3o cheia!\n\t\t\t\t<\/h5>\n\t\t\t<p>&#8211; Alexandra Aiello<\/p>\n\t\t\t\t<img loading=\"lazy\" decoding=\"async\" src=\"https:\/\/www.designinart.ca\/lesdelices\/wp-content\/uploads\/2020\/09\/testemuno_2.png\" alt=\"Depoimteno\" itemprop=\"image\" height=\"121\" width=\"121\" title=\"Depoimento\" onerror=\"this.style.display='none'\"  \/>\n\t<h5>\n\t\t\t\t\tImaginem um doce maravilhoso&#8230;&#8221;dos deuses&#8221;&#8230;&#8230;&#8230;.agora triplica!!!!! Assim \u00e9 o doce de figo da Maya!\n\t\t\t\t<\/h5>\n\t\t\t<p>&#8211; D\u00e9bora Alonso<\/p>\n\t\t\t\t<img loading=\"lazy\" decoding=\"async\" src=\"https:\/\/www.designinart.ca\/lesdelices\/wp-content\/uploads\/2020\/08\/testemuno_1.png\" alt=\"Testemunho de clientes\" itemprop=\"image\" height=\"120\" width=\"120\" title=\"Testemunho de clientes\" onerror=\"this.style.display='none'\"  \/>\n\t<h5>\n\t\t\t\t\tA Maya faz m\u00e1gica quando cozinha. Acredito que toda grande chef tem esta arte de escolha dos ingredientes e momento certo que eles entram para preparar um prato, mas a Maya vai al\u00e9m, de verdade. Ela tem uma simplicidade na escolha e uma sofistica\u00e7\u00e3o de sabores que resulta em magia e quem tem a sorte de saborear, ah&#8230;fica feliz demais! Deve ser este o segredo, alegria de cozinhar e deixar pessoas felizes.\n\t\t\t\t<\/h5>\n\t\t\t<p>&#8211;\u00a0Alessandra Ara\u00fajo<\/p>\n\t\t\t\t<img loading=\"lazy\" decoding=\"async\" src=\"https:\/\/www.designinart.ca\/lesdelices\/wp-content\/uploads\/2020\/09\/testemuno_3.png\" alt=\"testemuno_3\" itemprop=\"image\" height=\"121\" width=\"121\" title=\"testemuno_3\" onerror=\"this.style.display='none'\"  \/>\n\t<h5>\n\t\t\t\t\tEu e toda a minha fam\u00edlia somos f\u00e3s incondicionais da Les Delices de Maya h\u00e1 quase 10 anos. Tanto as sobremesas quanto os pratos s\u00e3o maravilhosos. Isso sem falar no carinho que tudo \u00e9 preparado e entregue.\n\t\t\t\t<\/h5>\n\t\t\t<p>&#8211; Camila Prospero<\/p>\n\t\t\t\t<img loading=\"lazy\" decoding=\"async\" src=\"https:\/\/www.designinart.ca\/lesdelices\/wp-content\/uploads\/2020\/09\/testemuno_4.png\" alt=\"testemuno_4\" itemprop=\"image\" height=\"121\" width=\"121\" title=\"testemuno_4\" onerror=\"this.style.display='none'\"  \/>\n\t<h5>\n\t\t\t\t\tSabe aquela comida feita com amor, que na primeira garfada voce j\u00e1 percebe isso? Essa \u00e9 a comida da Maya. Uma comida que faz jus ao nome &#8220;Les Delices de Maya&#8221;. S\u00f3 tendo muito amor no que faz pra cozinhar como ela.\n\t\t\t\t<\/h5>\n\t\t\t<p>&#8211; Fernanda Nascimento<\/p>\n\t\t\t\t<img loading=\"lazy\" decoding=\"async\" src=\"https:\/\/www.designinart.ca\/lesdelices\/wp-content\/uploads\/2020\/09\/testemuno_5.png\" alt=\"Depoimento\" itemprop=\"image\" height=\"121\" width=\"121\" title=\"Depoimento\" onerror=\"this.style.display='none'\"  \/>\n\t<h5>\n\t\t\t\t\tHoje eu moro longe do Brasil, mas quando lembro da comida brasileira, \u00e9 a comida dela que sinto mais falta!!! Seus doces s\u00e3o incr\u00edveis. Amo o brigadeiro de pistache, TODOS os bolos, os cremes&#8230; hummmm o do ovomaltine, afe. N\u00e3o tenho como descrever.\n\t\t\t\t<\/h5>\n\t\t\t\t<img loading=\"lazy\" decoding=\"async\" src=\"https:\/\/www.designinart.ca\/lesdelices\/wp-content\/uploads\/2020\/08\/doce_figo2.jpg\" alt=\"Doce de Figo Les Delices de Maya\" itemprop=\"image\" height=\"1064\" width=\"787\" title=\"Doce de Figo Les Delices de Maya\" onerror=\"this.style.display='none'\"  \/>\n\t<h5>\n\t\t\t\t\tO meu preferido \u00e9 o doce de figo, simplesmente MARAVILHOSO!!! Todos os pratos tem uma combina\u00e7\u00e3o perfeita! Ela tem muito talento e faz tudo com muito amor e aten\u00e7\u00e3o em tudo o que est\u00e1 preparando. SENSACIONAL!!!!\n\t\t\t\t<\/h5>\n\t\t\t<p>&#8211; Daniela Martins<\/p>\n\t\t\t\t<img decoding=\"async\" src=\"https:\/\/www.designinart.ca\/lesdelices\/wp-content\/uploads\/2018\/09\/leaf-free-img.png\" alt=\"leaf-free-img\" itemprop=\"image\"\/>\n\t<h2>\n\t\t\t\t\tSocial Media\n\t\t\t\t<\/h2>\n\t<h5>\n\t\t\t\t\t<iframe loading=\"lazy\" src=\"https:\/\/www.facebook.com\/plugins\/post.php?href=https%3A%2F%2Fwww.facebook.com%2Fkawabefaria%2Fposts%2F10155830199991158&#038;width=500\" width=\"500\" height=\"227\" scrolling=\"no\" frameborder=\"0\" allowTransparency=\"true\" allow=\"encrypted-media\"><\/iframe>\n\t\t\t\t<\/h5>\n\t<h5>\n\t\t\t\t\t<iframe loading=\"lazy\" src=\"https:\/\/www.facebook.com\/plugins\/post.php?href=https%3A%2F%2Fwww.facebook.com%2Fpatricia.passarellijoycemoccia%2Fposts%2F3084590138283643&#038;width=500\" width=\"500\" height=\"161\" scrolling=\"no\" frameborder=\"0\" allowTransparency=\"true\" allow=\"encrypted-media\"><\/iframe>\n\t\t\t\t<\/h5>\n\t<h5>\n\t\t\t\t\t<iframe loading=\"lazy\" src=\"https:\/\/www.facebook.com\/plugins\/post.php?href=https%3A%2F%2Fwww.facebook.com%2Fluciana.martins.7186%2Fposts%2F10210567394135819&#038;width=500\" width=\"500\" height=\"142\" scrolling=\"no\" frameborder=\"0\" allowTransparency=\"true\" allow=\"encrypted-media\"><\/iframe>\n\t\t\t\t<\/h5>\n\t<iframe loading=\"lazy\" src=\"https:\/\/www.facebook.com\/plugins\/video.php?href=https%3A%2F%2Fwww.facebook.com%2F104647172988694%2Fvideos%2F674185939795702%2F&#038;show_text=false&#038;width=734&#038;height=734&#038;appId\" width=\"734\" height=\"380\" scrolling=\"no\" frameborder=\"0\" allowTransparency=\"true\" allow=\"encrypted-media\" allowFullScreen=\"true\"><\/iframe>\n\t<iframe loading=\"lazy\" src=\"https:\/\/www.facebook.com\/plugins\/video.php?href=https%3A%2F%2Fwww.facebook.com%2F104647172988694%2Fvideos%2F2693637687535462%2F&#038;show_text=false&#038;width=734&#038;height=734&#038;appId\" width=\"734\" height=\"340\" scrolling=\"no\" frameborder=\"0\" allowTransparency=\"true\" allow=\"encrypted-media\" allowFullScreen=\"true\"><\/iframe>\n\n","protected":false},"excerpt":{"rendered":"<p>Depoimentos Clientes satisfeitos&#8230; Simplesmente dos Deuses. Melhor bolo de pistache do mundo!!! Nenhum se compara aos bolos e doces da Maya. Chef e confeiteira de m\u00e3o cheia! &#8211; Alexandra Aiello Imaginem um doce maravilhoso&#8230;&#8221;dos deuses&#8221;&#8230;&#8230;&#8230;.agora triplica!!!!! Assim \u00e9 o doce de figo da Maya! &#8211; D\u00e9bora Alonso A Maya faz m\u00e1gica quando cozinha. Acredito que [&hellip;]<\/p>\n","protected":false},"author":1,"featured_media":0,"parent":0,"menu_order":0,"comment_status":"closed","ping_status":"closed","template":"","meta":{"nf_dc_page":"","_monsterinsights_skip_tracking":false,"_monsterinsights_sitenote_active":false,"_monsterinsights_sitenote_note":"","_monsterinsights_sitenote_category":0,"site-sidebar-layout":"no-sidebar","site-content-layout":"page-builder","ast-site-content-layout":"default","site-content-style":"default","site-sidebar-style":"default","ast-global-header-display":"","ast-banner-title-visibility":"","ast-main-header-display":"","ast-hfb-above-header-display":"","ast-hfb-below-header-display":"","ast-hfb-mobile-header-display":"","site-post-title":"disabled","ast-breadcrumbs-content":"","ast-featured-img":"disabled","footer-sml-layout":"","ast-disable-related-posts":"","theme-transparent-header-meta":"default","adv-header-id-meta":"","stick-header-meta":"","header-above-stick-meta":"","header-main-stick-meta":"","header-below-stick-meta":"","astra-migrate-meta-layouts":"default","ast-page-background-enabled":"default","ast-page-background-meta":{"desktop":{"background-color":"var(--ast-global-color-4)","background-image":"","background-repeat":"repeat","background-position":"center center","background-size":"auto","background-attachment":"scroll","background-type":"","background-media":"","overlay-type":"","overlay-color":"","overlay-opacity":"","overlay-gradient":""},"tablet":{"background-color":"","background-image":"","background-repeat":"repeat","background-position":"center center","background-size":"auto","background-attachment":"scroll","background-type":"","background-media":"","overlay-type":"","overlay-color":"","overlay-opacity":"","overlay-gradient":""},"mobile":{"background-color":"","background-image":"","background-repeat":"repeat","background-position":"center center","background-size":"auto","background-attachment":"scroll","background-type":"","background-media":"","overlay-type":"","overlay-color":"","overlay-opacity":"","overlay-gradient":""}},"ast-content-background-meta":{"desktop":{"background-color":"var(--ast-global-color-5)","background-image":"","background-repeat":"repeat","background-position":"center center","background-size":"auto","background-attachment":"scroll","background-type":"","background-media":"","overlay-type":"","overlay-color":"","overlay-opacity":"","overlay-gradient":""},"tablet":{"background-color":"var(--ast-global-color-5)","background-image":"","background-repeat":"repeat","background-position":"center center","background-size":"auto","background-attachment":"scroll","background-type":"","background-media":"","overlay-type":"","overlay-color":"","overlay-opacity":"","overlay-gradient":""},"mobile":{"background-color":"var(--ast-global-color-5)","background-image":"","background-repeat":"repeat","background-position":"center center","background-size":"auto","background-attachment":"scroll","background-type":"","background-media":"","overlay-type":"","overlay-color":"","overlay-opacity":"","overlay-gradient":""}},"footnotes":""},"class_list":["post-610","page","type-page","status-publish","hentry"],"_links":{"self":[{"href":"https:\/\/www.designinart.ca\/lesdelices\/wp-json\/wp\/v2\/pages\/610","targetHints":{"allow":["GET"]}}],"collection":[{"href":"https:\/\/www.designinart.ca\/lesdelices\/wp-json\/wp\/v2\/pages"}],"about":[{"href":"https:\/\/www.designinart.ca\/lesdelices\/wp-json\/wp\/v2\/types\/page"}],"author":[{"embeddable":true,"href":"https:\/\/www.designinart.ca\/lesdelices\/wp-json\/wp\/v2\/users\/1"}],"replies":[{"embeddable":true,"href":"https:\/\/www.designinart.ca\/lesdelices\/wp-json\/wp\/v2\/comments?post=610"}],"version-history":[{"count":5,"href":"https:\/\/www.designinart.ca\/lesdelices\/wp-json\/wp\/v2\/pages\/610\/revisions"}],"predecessor-version":[{"id":1265,"href":"https:\/\/www.designinart.ca\/lesdelices\/wp-json\/wp\/v2\/pages\/610\/revisions\/1265"}],"wp:attachment":[{"href":"https:\/\/www.designinart.ca\/lesdelices\/wp-json\/wp\/v2\/media?parent=610"}],"curies":[{"name":"wp","href":"https:\/\/api.w.org\/{rel}","templated":true}]}}