{"id":9,"date":"2018-09-26T08:48:07","date_gmt":"2018-09-26T11:48:07","guid":{"rendered":"https:\/\/lesdelicesdemaya.com.br\/?page_id=9"},"modified":"2023-10-02T23:08:26","modified_gmt":"2023-10-03T02:08:26","slug":"home-lesdelicesdemaya","status":"publish","type":"page","link":"https:\/\/www.designinart.ca\/lesdelices\/","title":{"rendered":"Home"},"content":{"rendered":"\n\n\t\t\t\t<img decoding=\"async\" src=\"https:\/\/www.designinart.ca\/lesdelices\/wp-content\/uploads\/2020\/07\/frill-free-img-4.png\" alt=\"frill-free-img\" itemprop=\"image\"\/>\n\t<style id=\"bwg-style-0\">    #bwg_container1_0 #bwg_container2_0 .bwg-container-0.bwg-standard-thumbnails {      width: 354px;              justify-content: center;        margin:0 auto !important;              background-color: rgba(255, 255, 255, 0.00);            padding-left: 4px;      padding-top: 4px;      max-width: 100%;            }        #bwg_container1_0 #bwg_container2_0 .bwg-container-0.bwg-standard-thumbnails .bwg-item {    justify-content: flex-start;      max-width: 350px;          }    #bwg_container1_0 #bwg_container2_0 .bwg-container-0.bwg-standard-thumbnails .bwg-item a {       margin-right: 4px;       margin-bottom: 4px;    }    #bwg_container1_0 #bwg_container2_0 .bwg-container-0.bwg-standard-thumbnails .bwg-item0 {      padding: 0px;            background-color:rgba(0,0,0, 0.30);      border: 0px none #CCCCCC;      opacity: 1.00;      border-radius: 0;      box-shadow: ;    }    #bwg_container1_0 #bwg_container2_0 .bwg-container-0.bwg-standard-thumbnails .bwg-item1 img {      max-height: none;      max-width: none;      padding: 0 !important;    }         @media only screen and (min-width: 480px) {\t\t#bwg_container1_0 #bwg_container2_0 .bwg-container-0.bwg-standard-thumbnails .bwg-item1 img {\t\t\t-webkit-transition: all .3s; transition: all .3s;\t\t}\t\t#bwg_container1_0 #bwg_container2_0 .bwg-container-0.bwg-standard-thumbnails .bwg-item1 img:hover {\t\t\t-ms-transform: scale(1.08);\t\t\t-webkit-transform: scale(1.08);\t\t\ttransform: scale(1.08);\t\t}\t\t      }\t    #bwg_container1_0 #bwg_container2_0 .bwg-container-0.bwg-standard-thumbnails .bwg-item1 {      padding-top: 100%;    }        #bwg_container1_0 #bwg_container2_0 .bwg-container-0.bwg-standard-thumbnails .bwg-title2,    #bwg_container1_0 #bwg_container2_0 .bwg-container-0.bwg-standard-thumbnails .bwg-ecommerce2 {      color: #323A45;      font-family: Ubuntu;      font-size: 16px;      font-weight: bold;      padding: 2px;      text-shadow: ;      max-height: 100%;    }    #bwg_container1_0 #bwg_container2_0 .bwg-container-0.bwg-standard-thumbnails .bwg-thumb-description span {    color: #323A45;    font-family: Ubuntu;    font-size: 12px;    max-height: 100%;    word-wrap: break-word;    }    #bwg_container1_0 #bwg_container2_0 .bwg-container-0.bwg-standard-thumbnails .bwg-play-icon2 {      font-size: 32px;    }    #bwg_container1_0 #bwg_container2_0 .bwg-container-0.bwg-standard-thumbnails .bwg-ecommerce2 {      font-size: 19.2px;      color: #323A45;    }    <\/style>    <div id=\"bwg_container1_0\"         class=\"bwg_container bwg_thumbnail bwg_thumbnails \"         data-right-click-protection=\"0\"         data-bwg=\"0\"         data-scroll=\"0\"         data-gallery-type=\"thumbnails\"         data-gallery-view-type=\"thumbnails\"         data-current-url=\"\/lesdelices\/wp-json\/wp\/v2\/pages\/9\"         data-lightbox-url=\"https:\/\/www.designinart.ca\/lesdelices\/wp-admin\/admin-ajax.php?action=GalleryBox&#038;current_view=0&#038;gallery_id=4&#038;tag=0&#038;theme_id=1&#038;shortcode_id=27&#038;sort_by=casual&#038;order_by=asc&#038;current_url=%2Flesdelices%2Fwp-json%2Fwp%2Fv2%2Fpages%2F9\"         data-gallery-id=\"4\"         data-popup-width=\"800\"         data-popup-height=\"500\"         data-is-album=\"gallery\"         data-buttons-position=\"bottom\">      <div id=\"bwg_container2_0\">             <div id=\"ajax_loading_0\" class=\"bwg_loading_div_1\">      <div class=\"bwg_loading_div_2\">        <div class=\"bwg_loading_div_3\">          <div id=\"loading_div_0\" class=\"bwg_spider_ajax_loading\">          <\/div>        <\/div>      <\/div>    <\/div>            <form id=\"gal_front_form_0\"              class=\"bwg-hidden\"              method=\"post\"              action=\"#\"              data-current=\"0\"              data-shortcode-id=\"27\"              data-gallery-type=\"thumbnails\"              data-gallery-id=\"4\"              data-tag=\"0\"              data-album-id=\"0\"              data-theme-id=\"1\"              data-ajax-url=\"https:\/\/www.designinart.ca\/lesdelices\/wp-admin\/admin-ajax.php?action=bwg_frontend_data\">          <div id=\"bwg_container3_0\" class=\"bwg-background bwg-background-0\">                <div data-max-count=\"1\"         data-thumbnail-width=\"350\"         data-bwg=\"0\"         data-gallery-id=\"4\"         data-lightbox-url=\"https:\/\/www.designinart.ca\/lesdelices\/wp-admin\/admin-ajax.php?action=GalleryBox&amp;current_view=0&amp;gallery_id=4&amp;tag=0&amp;theme_id=1&amp;shortcode_id=27&amp;sort_by=casual&amp;order_by=asc&amp;current_url=%2Flesdelices%2Fwp-json%2Fwp%2Fv2%2Fpages%2F9\"         id=\"bwg_thumbnails_0\"         class=\"bwg-container-0 bwg-thumbnails bwg-standard-thumbnails bwg-container bwg-border-box\">            <div class=\"bwg-item\">        <a class=\"bwg-a  bwg_lightbox\"  data-image-id=\"138\" href=\"https:\/\/www.designinart.ca\/lesdelices\/wp-content\/uploads\/photo-gallery\/imported_from_media_libray\/doce_quindim2_(1).jpg?bwg=1598041636\" data-elementor-open-lightbox=\"no\">                <div class=\"bwg-item0 \">          <div class=\"bwg-item1 \">            <div class=\"bwg-item2\">              <img decoding=\"async\" class=\"skip-lazy bwg_standart_thumb_img_0 \"                   data-id=\"138\"                   data-width=\"370\"                   data-height=\"500\"                   data-src=\"https:\/\/www.designinart.ca\/lesdelices\/wp-content\/uploads\/photo-gallery\/imported_from_media_libray\/thumb\/doce_quindim2_(1).jpg?bwg=1598041636\"                   src=\"https:\/\/www.designinart.ca\/lesdelices\/wp-content\/uploads\/photo-gallery\/imported_from_media_libray\/thumb\/doce_quindim2_(1).jpg?bwg=1598041636\"                   alt=\"Doce Quindin Les Delices de Maya\"                   title=\"Doce Quindin Les Delices de Maya\" \/>            <\/div>            <div class=\"\">                                                      <\/div>          <\/div>        <\/div>                        <\/a>              <\/div>          <\/div>              <\/div>        <\/form>        <style>          #bwg_container1_0 #bwg_container2_0 #spider_popup_overlay_0 {          background-color: #EEEEEE;          opacity: 0.60;          }          <\/style>        <div id=\"bwg_spider_popup_loading_0\" class=\"bwg_spider_popup_loading\"><\/div>        <div id=\"spider_popup_overlay_0\" class=\"spider_popup_overlay\" onclick=\"spider_destroypopup(1000)\"><\/div>        <input type=\"hidden\" id=\"bwg_random_seed_0\" value=\"57476693\">                <\/div>    <\/div>    <script>      if (document.readyState === 'complete') {        if( typeof bwg_main_ready == 'function' ) {          if ( jQuery(\"#bwg_container1_0\").height() ) {            bwg_main_ready(jQuery(\"#bwg_container1_0\"));          }        }      } else {        document.addEventListener('DOMContentLoaded', function() {          if( typeof bwg_main_ready == 'function' ) {            if ( jQuery(\"#bwg_container1_0\").height() ) {             bwg_main_ready(jQuery(\"#bwg_container1_0\"));            }          }        });      }    <\/script>    \n\t<h1>\n\t\t\t\t\tFa\u00e7a a sua encomenda!\n\t\t\t\t<\/h1>\n\t<p><a href=\"tel:11981981111\"><img loading=\"lazy\" decoding=\"async\" src=\"https:\/\/www.designinart.ca\/lesdelices\/wp-content\/uploads\/2020\/08\/telefone_icon1.png\" alt=\"Telefon Les Delices de Maya\" width=\"38\" height=\"386\" \/><\/a><\/p>\n\t<p><a href=\"https:\/\/www.instagram.com\/lesdelicesdemaya\/\" target=\"_blank\" rel=\"noopener\"><img loading=\"lazy\" decoding=\"async\" src=\"https:\/\/www.designinart.ca\/lesdelices\/wp-content\/uploads\/2020\/09\/instagram_icon1.png\" alt=\"Instagram\" width=\"43\" height=\"38\" \/><\/a><\/p>\n\t<p><a href=\"mailto:contato@lesdelicesdemaya.com.br\"><img loading=\"lazy\" decoding=\"async\" src=\"https:\/\/www.designinart.ca\/lesdelices\/wp-content\/uploads\/2020\/08\/email_icon1.png\" alt=\"email\" width=\"42\" height=\"42\" \/><\/a><\/p>\n\t<h4>\n\t\t\t\t\t<a href=\"https:\/\/www.designinart.ca\/lesdelices\/menu\/\" title=\"Pratos | Doces | Salgados\" target=\"_self\" rel=\"noopener\">\n\t\t\t\t\t\tPratos | Doces | Salgados\n\t\t\t\t\t\t<\/a>\n\t\t\t<\/h4>\n\t<h2>\n\t\t\t\t\tSeja Bem vindo\n\t\t\t\t<\/h2>\n\t<h3>\n\t\t\t\t\tTudo feito sempre com muito carinho e capricho especialmente para voc\u00ea.\n\t\t\t\t<\/h3>\n\t\t\t<p>N\u00f3s atendemos desde 2007 com diferentes op\u00e7\u00f5es de pratos e guloseimas.<\/p>\n<p><strong>Aceitamos encomendas de entradas,\u00a0 pratos salgados, sobremesas e petiscos\u00a0 para seu jantar\u00a0 ou almo\u00e7o,\u00a0 do simples ao mais sofisticado.<\/strong><\/p>\n<p>Quer fazer um jantarzinho para uns amigos, fam\u00edlia ou qualquer outra ocasi\u00e3o,\u00a0\u00a0 fazemos umas sugest\u00f5es bem bacanas para voc\u00ea arrasar.<\/p>\n<p><strong>Fazemos almo\u00e7os, jantares e eventos<\/strong> tanto para empresas quanto para festas particulares.<\/p>\n\t\t\t<a href=\"https:\/\/www.designinart.ca\/lesdelices\/sobre\/\" target=\"_self\" role=\"button\" rel=\"noopener\">\n\t\t\t\t\t\tMais sobre o restaurante\n\t\t<\/a>\n\t<h5>\n\t\t\t\t\tTudo sempre fresco\u00a0\n\t\t\t\t<\/h5>\n\t\t\t<p><b>Doces, salgados e petiscos e afins<\/b><\/p>\n\t\t\t\t<img decoding=\"async\" src=\"https:\/\/www.designinart.ca\/lesdelices\/wp-content\/uploads\/2020\/08\/prato_baveti.jpg\" alt=\"Prato Baveti Les Delices de Maya\" itemprop=\"image\"\/>\n\t<h3>\n\t\t\t\t\tHor\u00e1rio\n\t\t\t\t<\/h3>\n\t\t\t<p>Segunda a Sexta | 9:00am &#8211; 4:30pm<\/p>\n\t\t\t\t<img decoding=\"async\" src=\"https:\/\/www.designinart.ca\/lesdelices\/wp-content\/uploads\/2018\/09\/leaf-free-img.png\" alt=\"leaf-free-img\" itemprop=\"image\"\/>\n\t<h2>\n\t\t\t\t\tNosso Menu\n\t\t\t\t<\/h2>\n\t<h3>\n\t\t\t\t\tAcreditamos numa gastronomia de desejos e lembran\u00e7as.\n\t\t\t\t<\/h3>\n\t\t\t<p>Nos importamos \u00a0muito com produtos que utilizamos, sendo sempre fresqu\u00edssimos e com uma qualidade impec\u00e1vel.<\/p>\n\t<h4>\n\t\t\t\t\tEstrogonofe de Camar\u00e3o\n\t\t\t\t<\/h4>\n\t\t\t<p>acompanhados com arroz branco e batata palha feito por n\u00f3s.<\/p>\n\t<h4>\n\t\t\t\t\tR$52\n\t\t\t\t<\/h4>\n\t\t\t\t<img decoding=\"async\" src=\"https:\/\/www.designinart.ca\/lesdelices\/wp-content\/uploads\/2020\/08\/prato_baveti-1.jpg\" alt=\"Prato Baveti Les Delices de Maya\" itemprop=\"image\"\/>\n\t<h4>\n\t\t\t\t\tBaveti de camar\u00e3o\n\t\t\t\t<\/h4>\n\t\t\t<p><strong>(esse \u00e9 o carro chefe!)<\/strong><\/p>\n<p>Massa com camar\u00e3o, alga, gengibre e farofinha de gergelim.<\/p>\n\t<h4>\n\t\t\t\t\tR$52\n\t\t\t\t<\/h4>\n\t\t\t\t<img decoding=\"async\" src=\"https:\/\/www.designinart.ca\/lesdelices\/wp-content\/uploads\/2020\/08\/prato_lula.jpg\" alt=\"Prato Spaguetti de Lula ao lim\u00e3o Les Delices de Maya\" itemprop=\"image\"\/>\n\t<h4>\n\t\t\t\t\tSpaguetti com lulas ao lim\u00e3o \n\t\t\t\t<\/h4>\n\t\t\t<p>Delicioso Spaguetti Al dente com lulas salteadas e um suave molho de limao<\/p>\n\t<h4>\n\t\t\t\t\tR$51\n\t\t\t\t<\/h4>\n\t\t\t\t<img decoding=\"async\" src=\"https:\/\/www.designinart.ca\/lesdelices\/wp-content\/uploads\/2020\/08\/doce_figo-1.jpg\" alt=\"Doce de Figo Les Delices de Maya\" itemprop=\"image\"\/>\n\t<h4>\n\t\t\t\t\tDoce de Figo\n\t\t\t\t<\/h4>\n\t\t\t<p>Creme de figo fresco.<\/p>\n\t<h4>\n\t\t\t\t\t$100 o kilo\n\t\t\t\t<\/h4>\n\t\t\t<p>R$17 o Individual<\/p>\n\t\t\t\t<img decoding=\"async\" src=\"https:\/\/www.designinart.ca\/lesdelices\/wp-content\/uploads\/2020\/08\/doce_churros.jpg\" alt=\"Rocambole de Doce de leite Les Delices de Maya\" itemprop=\"image\"\/>\n\t<h4>\n\t\t\t\t\tBolo de Brigadeiro\n\t\t\t\t<\/h4>\n\t\t\t<p>O bolo de brigadeiro \u00e9 feito com chocolate Belga.<\/p>\n\t<h4>\n\t\t\t\t\tR$110.00 o kilo\n\t\t\t\t<\/h4>\n\t\t\t<a href=\"#\" target=\"_self\" role=\"button\" rel=\"noopener\">\n\t\t\t\t\t\tVeja noss menu completo\n\t\t<\/a>\n\t<h2>\n\t\t\t\t\tEncomendas e entregas\n\t\t\t\t<\/h2>\n\t<h3>\n\t\t\t\t\tFa\u00e7a seu pedido pelo aplicativo whatsApp ou pelo ifood.\n\t\t\t\t<\/h3>\n\t\t\t<p>Atendemos de Segunda \u00e0 Sexta feira das 9 horas at\u00e9 as 16:30 horas. Fa\u00e7a seu pedido por aqui se preferir. Obrigada!!!<\/p>\n<p>\u00a0<\/p>\n<p>\u00a0 \u00a0<img loading=\"lazy\" decoding=\"async\" src=\"https:\/\/www.designinart.ca\/lesdelices\/wp-content\/uploads\/2020\/07\/icon_whatsapp-1.png\" alt=\"\" width=\"26\" height=\"29\" \/> <a href=\"tel:11981981111\">11 3467.3497 \/ 98198.1111<\/a> <a href=\"https:\/\/www.ifood.com.br\/\" target=\"_blank\" rel=\"noopener\"><img loading=\"lazy\" decoding=\"async\" src=\"https:\/\/www.designinart.ca\/lesdelices\/wp-content\/uploads\/2020\/07\/ifood-logo-300x161.png\" alt=\"ifood logotipo\" width=\"63\" height=\"38\" \/><\/a><\/p>\n\t\t\t<a href=\"https:\/\/www.designinart.ca\/lesdelices\/contato\/\" target=\"_self\" role=\"button\" rel=\"noopener\">\n\t\t\t\t\t\tFa\u00e7a seu pedido\n\t\t<\/a>\n\t\t\t\t<img decoding=\"async\" src=\"https:\/\/www.designinart.ca\/lesdelices\/wp-content\/uploads\/2018\/09\/leaf-free-img.png\" alt=\"leaf-free-img\" itemprop=\"image\"\/>\n\t<h2>\n\t\t\t\t\tClientes satisfeitos&#8230;\n\t\t\t\t<\/h2>\n\t\t\t\t<img decoding=\"async\" src=\"https:\/\/www.designinart.ca\/lesdelices\/wp-content\/uploads\/2020\/08\/testemuno_1.png\" alt=\"Testemunho de clientes\" itemprop=\"image\"\/>\n\t<h5>\n\t\t\t\t\tA Maya faz m\u00e1gica quando cozinha. Acredito que toda grande chef tem esta arte de escolha dos ingredientes e momento certo que eles entram para preparar um prato, mas a Maya vai al\u00e9m, de verdade. Ela tem uma simplicidade na escolha e uma sofistica\u00e7\u00e3o de sabores que resulta em magia e quem tem a sorte de saborear, ah&#8230;fica feliz demais! Deve ser este o segredo, alegria de cozinhar e deixar pessoas felizes.\n\t\t\t\t<\/h5>\n\t\t\t<p>&#8211; Alessandra Ara\u00fajo<\/p>\n\t\t\t\t<img decoding=\"async\" src=\"https:\/\/www.designinart.ca\/lesdelices\/wp-content\/uploads\/2020\/09\/testemuno_2.png\" alt=\"Depoimteno\" itemprop=\"image\"\/>\n\t<h5>\n\t\t\t\t\tImaginem um doce maravilhoso&#8230;&#8221;dos deuses&#8221;&#8230;&#8230;&#8230;.agora triplica!!!!! Assim \u00e9 o doce de figo da Maya!\n\t\t\t\t<\/h5>\n\t\t\t<p>&#8211; D\u00e9bora Alonso<\/p>\n\t\t\t\t<img decoding=\"async\" src=\"https:\/\/www.designinart.ca\/lesdelices\/wp-content\/uploads\/2020\/09\/testemuno_5.png\" alt=\"Depoimento\" itemprop=\"image\"\/>\n\t<h5>\n\t\t\t\t\tHoje eu moro longe do Brasil, mas quando lembro da comida brasileira, \u00e9 a comida dela que sinto mais falta!!! Seus doces s\u00e3o incr\u00edveis. Amo o brigadeiro de pistache, TODOS os bolos, os cremes&#8230; hummmm o do ovomaltine, afe. N\u00e3o tenho como descrever. O meu preferido \u00e9 o doce de figo, simplesmente MARAVILHOSO!!!  Todos os pratos tem uma combina\u00e7\u00e3o perfeita! Ela tem muito talento e faz tudo com muito amor e aten\u00e7\u00e3o em tudo o que est\u00e1 preparando. SENSACIONAL!!!!\n\t\t\t\t<\/h5>\n\t\t\t<p>&#8211; Daniela Martins<\/p>\n\t<h2>\n\t\t\t\t\t<a href=\"tel:11981981111\">Fa\u00e7a sua encomenda!<\/a>\n\t\t\t\t<\/h2>\n\t<h2>\n\t\t\t\t\t<a href=\"tel:11981981111\">(11) 3467.3497 \/ (11) 98198.1111<\/a>\n\t\t\t\t<\/h2>\n\n","protected":false},"excerpt":{"rendered":"<p>Fa\u00e7a a sua encomenda! Pratos | Doces | Salgados Seja Bem vindo Tudo feito sempre com muito carinho e capricho especialmente para voc\u00ea. N\u00f3s atendemos desde 2007 com diferentes op\u00e7\u00f5es de pratos e guloseimas. Aceitamos encomendas de entradas,\u00a0 pratos salgados, sobremesas e petiscos\u00a0 para seu jantar\u00a0 ou almo\u00e7o,\u00a0 do simples ao mais sofisticado. Quer fazer [&hellip;]<\/p>\n","protected":false},"author":1,"featured_media":0,"parent":0,"menu_order":0,"comment_status":"closed","ping_status":"closed","template":"","meta":{"nf_dc_page":"","_monsterinsights_skip_tracking":false,"_monsterinsights_sitenote_active":false,"_monsterinsights_sitenote_note":"","_monsterinsights_sitenote_category":0,"site-sidebar-layout":"no-sidebar","site-content-layout":"page-builder","ast-site-content-layout":"default","site-content-style":"default","site-sidebar-style":"default","ast-global-header-display":"","ast-banner-title-visibility":"","ast-main-header-display":"","ast-hfb-above-header-display":"","ast-hfb-below-header-display":"","ast-hfb-mobile-header-display":"","site-post-title":"disabled","ast-breadcrumbs-content":"","ast-featured-img":"disabled","footer-sml-layout":"","ast-disable-related-posts":"","theme-transparent-header-meta":"default","adv-header-id-meta":"","stick-header-meta":"","header-above-stick-meta":"","header-main-stick-meta":"","header-below-stick-meta":"","astra-migrate-meta-layouts":"default","ast-page-background-enabled":"default","ast-page-background-meta":{"desktop":{"background-color":"var(--ast-global-color-4)","background-image":"","background-repeat":"repeat","background-position":"center center","background-size":"auto","background-attachment":"scroll","background-type":"","background-media":"","overlay-type":"","overlay-color":"","overlay-opacity":"","overlay-gradient":""},"tablet":{"background-color":"","background-image":"","background-repeat":"repeat","background-position":"center center","background-size":"auto","background-attachment":"scroll","background-type":"","background-media":"","overlay-type":"","overlay-color":"","overlay-opacity":"","overlay-gradient":""},"mobile":{"background-color":"","background-image":"","background-repeat":"repeat","background-position":"center center","background-size":"auto","background-attachment":"scroll","background-type":"","background-media":"","overlay-type":"","overlay-color":"","overlay-opacity":"","overlay-gradient":""}},"ast-content-background-meta":{"desktop":{"background-color":"var(--ast-global-color-5)","background-image":"","background-repeat":"repeat","background-position":"center center","background-size":"auto","background-attachment":"scroll","background-type":"","background-media":"","overlay-type":"","overlay-color":"","overlay-opacity":"","overlay-gradient":""},"tablet":{"background-color":"var(--ast-global-color-5)","background-image":"","background-repeat":"repeat","background-position":"center center","background-size":"auto","background-attachment":"scroll","background-type":"","background-media":"","overlay-type":"","overlay-color":"","overlay-opacity":"","overlay-gradient":""},"mobile":{"background-color":"var(--ast-global-color-5)","background-image":"","background-repeat":"repeat","background-position":"center center","background-size":"auto","background-attachment":"scroll","background-type":"","background-media":"","overlay-type":"","overlay-color":"","overlay-opacity":"","overlay-gradient":""}},"footnotes":""},"class_list":["post-9","page","type-page","status-publish","hentry"],"_links":{"self":[{"href":"https:\/\/www.designinart.ca\/lesdelices\/wp-json\/wp\/v2\/pages\/9","targetHints":{"allow":["GET"]}}],"collection":[{"href":"https:\/\/www.designinart.ca\/lesdelices\/wp-json\/wp\/v2\/pages"}],"about":[{"href":"https:\/\/www.designinart.ca\/lesdelices\/wp-json\/wp\/v2\/types\/page"}],"author":[{"embeddable":true,"href":"https:\/\/www.designinart.ca\/lesdelices\/wp-json\/wp\/v2\/users\/1"}],"replies":[{"embeddable":true,"href":"https:\/\/www.designinart.ca\/lesdelices\/wp-json\/wp\/v2\/comments?post=9"}],"version-history":[{"count":5,"href":"https:\/\/www.designinart.ca\/lesdelices\/wp-json\/wp\/v2\/pages\/9\/revisions"}],"predecessor-version":[{"id":1263,"href":"https:\/\/www.designinart.ca\/lesdelices\/wp-json\/wp\/v2\/pages\/9\/revisions\/1263"}],"wp:attachment":[{"href":"https:\/\/www.designinart.ca\/lesdelices\/wp-json\/wp\/v2\/media?parent=9"}],"curies":[{"name":"wp","href":"https:\/\/api.w.org\/{rel}","templated":true}]}}